{"id":362,"date":"2025-04-09T23:51:10","date_gmt":"2025-04-09T21:51:10","guid":{"rendered":"https:\/\/joyasdaterra.org\/?page_id=362"},"modified":"2025-04-10T13:40:53","modified_gmt":"2025-04-10T11:40:53","slug":"hortas-compostagem-2","status":"publish","type":"page","link":"https:\/\/joyasdaterra.org\/index.php\/consultoria\/hortas-compostagem-2\/","title":{"rendered":"Sistemas de \u00e0gua"},"content":{"rendered":"\t\t<div data-elementor-type=\"wp-page\" data-elementor-id=\"362\" class=\"elementor elementor-362\" data-elementor-post-type=\"page\">\n\t\t\t\t<div class=\"elementor-element elementor-element-fc50914 e-flex e-con-boxed e-con e-parent\" data-id=\"fc50914\" data-element_type=\"container\">\n\t\t\t\t\t<div class=\"e-con-inner\">\n\t\t<div class=\"elementor-element elementor-element-64d84d3 e-con-full e-flex e-con e-child\" data-id=\"64d84d3\" data-element_type=\"container\">\n\t\t<div class=\"elementor-element elementor-element-11d8cce e-con-full e-flex e-con e-child\" data-id=\"11d8cce\" data-element_type=\"container\" data-settings=\"{&quot;motion_fx_motion_fx_scrolling&quot;:&quot;yes&quot;,&quot;motion_fx_range&quot;:&quot;viewport&quot;,&quot;sticky&quot;:&quot;top&quot;,&quot;motion_fx_devices&quot;:[&quot;desktop&quot;,&quot;tablet&quot;,&quot;mobile&quot;],&quot;sticky_on&quot;:[&quot;desktop&quot;,&quot;tablet&quot;,&quot;mobile&quot;],&quot;sticky_offset&quot;:0,&quot;sticky_effects_offset&quot;:0,&quot;sticky_anchor_link_offset&quot;:0}\">\n\t\t\t\t<div class=\"elementor-element elementor-element-0e6ae4f elementor-widget elementor-widget-heading\" data-id=\"0e6ae4f\" data-element_type=\"widget\" data-widget_type=\"heading.default\">\n\t\t\t\t<div class=\"elementor-widget-container\">\n\t\t\t\t\t<h3 class=\"elementor-heading-title elementor-size-default\">JOYAS DA TERRA<\/h3>\t\t\t\t<\/div>\n\t\t\t\t<\/div>\n\t\t\t\t<div class=\"elementor-element elementor-element-3bab1a4 elementor-widget elementor-widget-heading\" data-id=\"3bab1a4\" data-element_type=\"widget\" data-widget_type=\"heading.default\">\n\t\t\t\t<div class=\"elementor-widget-container\">\n\t\t\t\t\t<h2 class=\"elementor-heading-title elementor-size-default\">Sistemas de \u00e0gua<\/h2>\t\t\t\t<\/div>\n\t\t\t\t<\/div>\n\t\t\t\t<\/div>\n\t\t\t\t<\/div>\n\t\t\t\t\t<\/div>\n\t\t\t\t<\/div>\n\t\t<div class=\"elementor-element elementor-element-8a3c4a1 e-flex e-con-boxed e-con e-parent\" data-id=\"8a3c4a1\" data-element_type=\"container\">\n\t\t\t\t\t<div class=\"e-con-inner\">\n\t\t\t\t<div class=\"elementor-element elementor-element-62a7365 elementor-widget__width-inherit elementor-widget elementor-widget-image\" data-id=\"62a7365\" data-element_type=\"widget\" data-widget_type=\"image.default\">\n\t\t\t\t<div class=\"elementor-widget-container\">\n\t\t\t\t\t\t\t\t\t\t\t\t\t\t\t<img fetchpriority=\"high\" decoding=\"async\" width=\"2560\" height=\"1184\" src=\"https:\/\/joyasdaterra.org\/wp-content\/uploads\/2025\/04\/20230427_170846-1.jpg\" class=\"attachment-full size-full wp-image-319\" alt=\"\" srcset=\"https:\/\/joyasdaterra.org\/wp-content\/uploads\/2025\/04\/20230427_170846-1.jpg 2560w, https:\/\/joyasdaterra.org\/wp-content\/uploads\/2025\/04\/20230427_170846-1-300x139.jpg 300w, https:\/\/joyasdaterra.org\/wp-content\/uploads\/2025\/04\/20230427_170846-1-1024x474.jpg 1024w, https:\/\/joyasdaterra.org\/wp-content\/uploads\/2025\/04\/20230427_170846-1-768x355.jpg 768w, https:\/\/joyasdaterra.org\/wp-content\/uploads\/2025\/04\/20230427_170846-1-1536x710.jpg 1536w, https:\/\/joyasdaterra.org\/wp-content\/uploads\/2025\/04\/20230427_170846-1-2048x947.jpg 2048w, https:\/\/joyasdaterra.org\/wp-content\/uploads\/2025\/04\/20230427_170846-1-1200x555.jpg 1200w, https:\/\/joyasdaterra.org\/wp-content\/uploads\/2025\/04\/20230427_170846-1-1980x916.jpg 1980w\" sizes=\"(max-width: 2560px) 100vw, 2560px\" \/>\t\t\t\t\t\t\t\t\t\t\t\t\t\t\t<\/div>\n\t\t\t\t<\/div>\n\t\t\t\t\t<\/div>\n\t\t\t\t<\/div>\n\t\t<div class=\"elementor-element elementor-element-56611d1 e-flex e-con-boxed e-con e-parent\" data-id=\"56611d1\" data-element_type=\"container\">\n\t\t\t\t\t<div class=\"e-con-inner\">\n\t\t<div class=\"elementor-element elementor-element-6d5d558 e-con-full e-flex e-con e-child\" data-id=\"6d5d558\" data-element_type=\"container\">\n\t\t\t\t<div class=\"elementor-element elementor-element-5e3aa0a elementor-hidden-mobile elementor-widget elementor-widget-image\" data-id=\"5e3aa0a\" data-element_type=\"widget\" data-widget_type=\"image.default\">\n\t\t\t\t<div class=\"elementor-widget-container\">\n\t\t\t\t\t\t\t\t\t\t\t\t\t\t\t<img decoding=\"async\" src=\"https:\/\/joyasdaterra.org\/wp-content\/uploads\/2025\/04\/Mapas-Projeto-Design-de-Permacultura-Joana-Soajo-2-copy-1.png\" title=\"Mapas-Projeto-Design-de-Permacultura-Joana-Soajo-2-copy.png\" alt=\"Mapas-Projeto-Design-de-Permacultura-Joana-Soajo-2-copy.png\" loading=\"lazy\" \/>\t\t\t\t\t\t\t\t\t\t\t\t\t\t\t<\/div>\n\t\t\t\t<\/div>\n\t\t\t\t<\/div>\n\t\t<div class=\"elementor-element elementor-element-1cce5e4 e-con-full e-flex e-con e-child\" data-id=\"1cce5e4\" data-element_type=\"container\">\n\t\t\t\t<div class=\"elementor-element elementor-element-81a1906 elementor-widget elementor-widget-text-editor\" data-id=\"81a1906\" data-element_type=\"widget\" data-widget_type=\"text-editor.default\">\n\t\t\t\t<div class=\"elementor-widget-container\">\n\t\t\t\t\t\t\t\t\t<p>A Permacultura tem a Natureza como base de aprendizagem e modelo de funcionamento. Tal como a \u00e1gua molda as paisagens que vemos \u00e0 nossa volta, ela \u00e9 tamb\u00e9m a base para o planeamento e design de um terreno.<\/p>\t\t\t\t\t\t\t\t<\/div>\n\t\t\t\t<\/div>\n\t\t\t\t<div class=\"elementor-element elementor-element-dd0384b elementor-widget elementor-widget-text-editor\" data-id=\"dd0384b\" data-element_type=\"widget\" data-widget_type=\"text-editor.default\">\n\t\t\t\t<div class=\"elementor-widget-container\">\n\t\t\t\t\t\t\t\t\t<p>A inten\u00e7\u00e3o aqui ser\u00e1 podermos captar e armazenar \u00e1gua com seu m\u00e1ximo potencial nos pontos mais altos, traz\u00ea-la ao longo do terreno para os locais necess\u00e1rios, num percurso suave e sinuoso tocando margens onde cria vegeta\u00e7\u00e3o e crescimento, aclimatiza a \u00e1rea e por fim abandona o terreno sendo devolvida ao seu curso limpa e pura.<\/p><p>Para conseguir isto, desenhamos e trabalhamos com equipas que apoiam na implementa\u00e7\u00e3o de reservat\u00f3rios, valas, lagos e barragens, trabalhos com m\u00e1quina e movimenta\u00e7\u00e3o de terra, sistemas de irriga\u00e7\u00e3o e fito-ETARs, para que a \u00e1gua possa ser usada de acordo com as necessidades.<\/p><p>Cada terreno tem um padr\u00e3o intr\u00ednseco, um bom design procura ir ao encontro desse padr\u00e3o atrav\u00e9s da fluidez da \u00e1gua na paisagem para gerar abund\u00e2ncia.<\/p>\t\t\t\t\t\t\t\t<\/div>\n\t\t\t\t<\/div>\n\t\t\t\t<\/div>\n\t\t\t\t\t<\/div>\n\t\t\t\t<\/div>\n\t\t<div class=\"elementor-element elementor-element-0e98687 e-flex e-con-boxed e-con e-parent\" data-id=\"0e98687\" data-element_type=\"container\">\n\t\t\t\t\t<div class=\"e-con-inner\">\n\t\t\t\t<div class=\"elementor-element elementor-element-71192c2 elementor-arrows-position-inside elementor-widget elementor-widget-image-carousel\" data-id=\"71192c2\" data-element_type=\"widget\" data-settings=\"{&quot;slides_to_show&quot;:&quot;4&quot;,&quot;navigation&quot;:&quot;arrows&quot;,&quot;autoplay&quot;:&quot;yes&quot;,&quot;pause_on_hover&quot;:&quot;yes&quot;,&quot;pause_on_interaction&quot;:&quot;yes&quot;,&quot;autoplay_speed&quot;:5000,&quot;infinite&quot;:&quot;yes&quot;,&quot;speed&quot;:500}\" data-widget_type=\"image-carousel.default\">\n\t\t\t\t<div class=\"elementor-widget-container\">\n\t\t\t\t\t\t\t<div class=\"elementor-image-carousel-wrapper swiper\" role=\"region\" aria-roledescription=\"carousel\" aria-label=\"Carrossel de imagens\" dir=\"ltr\">\n\t\t\t<div class=\"elementor-image-carousel swiper-wrapper swiper-image-stretch\" aria-live=\"off\">\n\t\t\t\t\t\t\t\t<div class=\"swiper-slide\" role=\"group\" aria-roledescription=\"slide\" aria-label=\"1 of 6\"><figure class=\"swiper-slide-inner\"><img decoding=\"async\" class=\"swiper-slide-image\" src=\"https:\/\/joyasdaterra.org\/wp-content\/uploads\/2025\/04\/20230125_130053-copy-scaled-3.jpg\" alt=\"20230125_130053-copy-scaled.jpg\" \/><\/figure><\/div><div class=\"swiper-slide\" role=\"group\" aria-roledescription=\"slide\" aria-label=\"2 of 6\"><figure class=\"swiper-slide-inner\"><img decoding=\"async\" class=\"swiper-slide-image\" src=\"https:\/\/joyasdaterra.org\/wp-content\/uploads\/2025\/04\/20230427_120844-copy-scaled-1.jpg\" alt=\"20230427_120844-copy-scaled.jpg\" \/><\/figure><\/div><div class=\"swiper-slide\" role=\"group\" aria-roledescription=\"slide\" aria-label=\"3 of 6\"><figure class=\"swiper-slide-inner\"><img decoding=\"async\" class=\"swiper-slide-image\" src=\"https:\/\/joyasdaterra.org\/wp-content\/uploads\/2025\/04\/WhatsApp-Image-2022-04-21-at-13.39.08.jpeg\" alt=\"WhatsApp-Image-2022-04-21-at-13.39.08.jpeg\" \/><\/figure><\/div><div class=\"swiper-slide\" role=\"group\" aria-roledescription=\"slide\" aria-label=\"4 of 6\"><figure class=\"swiper-slide-inner\"><img decoding=\"async\" class=\"swiper-slide-image\" src=\"https:\/\/joyasdaterra.org\/wp-content\/uploads\/2025\/04\/20230713_155939.jpg\" alt=\"20230713_155939.jpg\" \/><\/figure><\/div><div class=\"swiper-slide\" role=\"group\" aria-roledescription=\"slide\" aria-label=\"5 of 6\"><figure class=\"swiper-slide-inner\"><img decoding=\"async\" class=\"swiper-slide-image\" src=\"https:\/\/joyasdaterra.org\/wp-content\/uploads\/2025\/04\/20240613_141334-scaled-1.jpg\" alt=\"20240613_141334-scaled.jpg\" \/><\/figure><\/div><div class=\"swiper-slide\" role=\"group\" aria-roledescription=\"slide\" aria-label=\"6 of 6\"><figure class=\"swiper-slide-inner\"><img decoding=\"async\" class=\"swiper-slide-image\" src=\"https:\/\/joyasdaterra.org\/wp-content\/uploads\/2025\/04\/charca.png\" alt=\"charca.png\" \/><\/figure><\/div>\t\t\t<\/div>\n\t\t\t\t\t\t\t\t\t\t\t\t<div class=\"elementor-swiper-button elementor-swiper-button-prev\" role=\"button\" tabindex=\"0\">\n\t\t\t\t\t\t<svg aria-hidden=\"true\" class=\"e-font-icon-svg e-eicon-chevron-left\" viewBox=\"0 0 1000 1000\" xmlns=\"http:\/\/www.w3.org\/2000\/svg\"><path d=\"M646 125C629 125 613 133 604 142L308 442C296 454 292 471 292 487 292 504 296 521 308 533L604 854C617 867 629 875 646 875 663 875 679 871 692 858 704 846 713 829 713 812 713 796 708 779 692 767L438 487 692 225C700 217 708 204 708 187 708 171 704 154 692 142 675 129 663 125 646 125Z\"><\/path><\/svg>\t\t\t\t\t<\/div>\n\t\t\t\t\t<div class=\"elementor-swiper-button elementor-swiper-button-next\" role=\"button\" tabindex=\"0\">\n\t\t\t\t\t\t<svg aria-hidden=\"true\" class=\"e-font-icon-svg e-eicon-chevron-right\" viewBox=\"0 0 1000 1000\" xmlns=\"http:\/\/www.w3.org\/2000\/svg\"><path d=\"M696 533C708 521 713 504 713 487 713 471 708 454 696 446L400 146C388 133 375 125 354 125 338 125 325 129 313 142 300 154 292 171 292 187 292 204 296 221 308 233L563 492 304 771C292 783 288 800 288 817 288 833 296 850 308 863 321 871 338 875 354 875 371 875 388 867 400 854L696 533Z\"><\/path><\/svg>\t\t\t\t\t<\/div>\n\t\t\t\t\n\t\t\t\t\t\t\t\t\t<\/div>\n\t\t\t\t\t\t<\/div>\n\t\t\t\t<\/div>\n\t\t\t\t\t<\/div>\n\t\t\t\t<\/div>\n\t\t\t\t<\/div>\n\t\t","protected":false},"excerpt":{"rendered":"<p>JOYAS DA TERRA Sistemas de \u00e0gua A Permacultura tem a Natureza como base de aprendizagem e modelo de funcionamento. Tal como a \u00e1gua molda as paisagens que vemos \u00e0 nossa volta, ela \u00e9 tamb\u00e9m a base para o planeamento e design de um terreno. A inten\u00e7\u00e3o aqui ser\u00e1 podermos captar e armazenar \u00e1gua com seu [&hellip;]<\/p>\n","protected":false},"author":1,"featured_media":0,"parent":48,"menu_order":0,"comment_status":"closed","ping_status":"closed","template":"elementor_header_footer","meta":{"footnotes":""},"class_list":["post-362","page","type-page","status-publish","hentry"],"_links":{"self":[{"href":"https:\/\/joyasdaterra.org\/index.php\/wp-json\/wp\/v2\/pages\/362","targetHints":{"allow":["GET"]}}],"collection":[{"href":"https:\/\/joyasdaterra.org\/index.php\/wp-json\/wp\/v2\/pages"}],"about":[{"href":"https:\/\/joyasdaterra.org\/index.php\/wp-json\/wp\/v2\/types\/page"}],"author":[{"embeddable":true,"href":"https:\/\/joyasdaterra.org\/index.php\/wp-json\/wp\/v2\/users\/1"}],"replies":[{"embeddable":true,"href":"https:\/\/joyasdaterra.org\/index.php\/wp-json\/wp\/v2\/comments?post=362"}],"version-history":[{"count":9,"href":"https:\/\/joyasdaterra.org\/index.php\/wp-json\/wp\/v2\/pages\/362\/revisions"}],"predecessor-version":[{"id":494,"href":"https:\/\/joyasdaterra.org\/index.php\/wp-json\/wp\/v2\/pages\/362\/revisions\/494"}],"up":[{"embeddable":true,"href":"https:\/\/joyasdaterra.org\/index.php\/wp-json\/wp\/v2\/pages\/48"}],"wp:attachment":[{"href":"https:\/\/joyasdaterra.org\/index.php\/wp-json\/wp\/v2\/media?parent=362"}],"curies":[{"name":"wp","href":"https:\/\/api.w.org\/{rel}","templated":true}]}}