{"id":48,"date":"2025-03-31T22:46:26","date_gmt":"2025-03-31T20:46:26","guid":{"rendered":"https:\/\/joyasdaterra.org\/?page_id=48"},"modified":"2025-04-11T19:46:10","modified_gmt":"2025-04-11T17:46:10","slug":"consultoria","status":"publish","type":"page","link":"https:\/\/joyasdaterra.org\/index.php\/consultoria\/","title":{"rendered":"Consultoria"},"content":{"rendered":"\t\t<div data-elementor-type=\"wp-page\" data-elementor-id=\"48\" class=\"elementor elementor-48\" data-elementor-post-type=\"page\">\n\t\t\t\t<div class=\"elementor-element elementor-element-3a30b2d e-flex e-con-boxed e-con e-parent\" data-id=\"3a30b2d\" data-element_type=\"container\">\n\t\t\t\t\t<div class=\"e-con-inner\">\n\t\t\t\t<div class=\"elementor-element elementor-element-36373e3 elementor-widget elementor-widget-heading\" data-id=\"36373e3\" data-element_type=\"widget\" data-widget_type=\"heading.default\">\n\t\t\t\t<div class=\"elementor-widget-container\">\n\t\t\t\t\t<h3 class=\"elementor-heading-title elementor-size-default\">JOYAS DA TERRA<\/h3>\t\t\t\t<\/div>\n\t\t\t\t<\/div>\n\t\t\t\t<div class=\"elementor-element elementor-element-dd0999f elementor-widget elementor-widget-heading\" data-id=\"dd0999f\" data-element_type=\"widget\" data-widget_type=\"heading.default\">\n\t\t\t\t<div class=\"elementor-widget-container\">\n\t\t\t\t\t<h2 class=\"elementor-heading-title elementor-size-default\">Consultoria<\/h2>\t\t\t\t<\/div>\n\t\t\t\t<\/div>\n\t\t\t\t\t<\/div>\n\t\t\t\t<\/div>\n\t\t<div class=\"elementor-element elementor-element-1b9b751 e-flex e-con-boxed e-con e-parent\" data-id=\"1b9b751\" data-element_type=\"container\">\n\t\t\t\t\t<div class=\"e-con-inner\">\n\t\t\t\t<div class=\"elementor-element elementor-element-c6fc692 elementor-widget elementor-widget-text-editor\" data-id=\"c6fc692\" data-element_type=\"widget\" data-widget_type=\"text-editor.default\">\n\t\t\t\t<div class=\"elementor-widget-container\">\n\t\t\t\t\t\t\t\t\t<p>Para al\u00e9m de trabalharmos na nossa terra, apoiamos outros projetos que queiram usar a harmonia e efici\u00eancia que um design de Permacultura traz para o terreno.<\/p>\t\t\t\t\t\t\t\t<\/div>\n\t\t\t\t<\/div>\n\t\t\t\t\t<\/div>\n\t\t\t\t<\/div>\n\t\t<div class=\"elementor-element elementor-element-02aed95 e-flex e-con-boxed e-con e-parent\" data-id=\"02aed95\" data-element_type=\"container\">\n\t\t\t\t\t<div class=\"e-con-inner\">\n\t\t<div class=\"elementor-element elementor-element-86d4ca8 e-con-full e-flex e-con e-child\" data-id=\"86d4ca8\" data-element_type=\"container\">\n\t\t\t\t<div class=\"elementor-element elementor-element-d4f5803 elementor-widget elementor-widget-image\" data-id=\"d4f5803\" data-element_type=\"widget\" data-widget_type=\"image.default\">\n\t\t\t\t<div class=\"elementor-widget-container\">\n\t\t\t\t\t\t\t\t\t\t\t\t\t\t\t<img fetchpriority=\"high\" decoding=\"async\" width=\"580\" height=\"386\" src=\"https:\/\/joyasdaterra.org\/wp-content\/uploads\/2025\/04\/DSC0780-1024x682.jpg\" class=\"attachment-large size-large wp-image-316\" alt=\"\" srcset=\"https:\/\/joyasdaterra.org\/wp-content\/uploads\/2025\/04\/DSC0780-1024x682.jpg 1024w, https:\/\/joyasdaterra.org\/wp-content\/uploads\/2025\/04\/DSC0780-300x200.jpg 300w, https:\/\/joyasdaterra.org\/wp-content\/uploads\/2025\/04\/DSC0780-768x512.jpg 768w, https:\/\/joyasdaterra.org\/wp-content\/uploads\/2025\/04\/DSC0780-1200x800.jpg 1200w, https:\/\/joyasdaterra.org\/wp-content\/uploads\/2025\/04\/DSC0780.jpg 1280w\" sizes=\"(max-width: 580px) 100vw, 580px\" \/>\t\t\t\t\t\t\t\t\t\t\t\t\t\t\t<\/div>\n\t\t\t\t<\/div>\n\t\t\t\t<div class=\"elementor-element elementor-element-55b6c82 elementor-widget elementor-widget-heading\" data-id=\"55b6c82\" data-element_type=\"widget\" data-widget_type=\"heading.default\">\n\t\t\t\t<div class=\"elementor-widget-container\">\n\t\t\t\t\t<h2 class=\"elementor-heading-title elementor-size-default\">Design Geral<\/h2>\t\t\t\t<\/div>\n\t\t\t\t<\/div>\n\t\t\t\t<div class=\"elementor-element elementor-element-eadf273 elementor-widget elementor-widget-text-editor\" data-id=\"eadf273\" data-element_type=\"widget\" data-widget_type=\"text-editor.default\">\n\t\t\t\t<div class=\"elementor-widget-container\">\n\t\t\t\t\t\t\t\t\t<p>A cuidadosa observa\u00e7\u00e3o dos padr\u00f5es da natureza, efici\u00eancia energ\u00e9tica e interliga\u00e7\u00e3o dos elementos s\u00e3o as nossas premissas para a gest\u00e3o da Terra<\/p>\t\t\t\t\t\t\t\t<\/div>\n\t\t\t\t<\/div>\n\t\t\t\t<div class=\"elementor-element elementor-element-bccb3dc elementor-align-center elementor-widget elementor-widget-button\" data-id=\"bccb3dc\" data-element_type=\"widget\" data-widget_type=\"button.default\">\n\t\t\t\t<div class=\"elementor-widget-container\">\n\t\t\t\t\t\t\t\t\t<div class=\"elementor-button-wrapper\">\n\t\t\t\t\t<a class=\"elementor-button elementor-button-link elementor-size-sm\" href=\"#\">\n\t\t\t\t\t\t<span class=\"elementor-button-content-wrapper\">\n\t\t\t\t\t\t\t\t\t<span class=\"elementor-button-text\">Sabe mais<\/span>\n\t\t\t\t\t<\/span>\n\t\t\t\t\t<\/a>\n\t\t\t\t<\/div>\n\t\t\t\t\t\t\t\t<\/div>\n\t\t\t\t<\/div>\n\t\t\t\t<\/div>\n\t\t<div class=\"elementor-element elementor-element-877ec80 e-con-full e-flex e-con e-child\" data-id=\"877ec80\" data-element_type=\"container\">\n\t\t\t\t<div class=\"elementor-element elementor-element-210aee4 elementor-widget elementor-widget-image\" data-id=\"210aee4\" data-element_type=\"widget\" data-widget_type=\"image.default\">\n\t\t\t\t<div class=\"elementor-widget-container\">\n\t\t\t\t\t\t\t\t\t\t\t\t\t\t\t<img decoding=\"async\" width=\"580\" height=\"219\" src=\"https:\/\/joyasdaterra.org\/wp-content\/uploads\/2025\/04\/Hortas_Compostagem_3-e1739922044520-1024x387.jpg\" class=\"attachment-large size-large wp-image-317\" alt=\"\" srcset=\"https:\/\/joyasdaterra.org\/wp-content\/uploads\/2025\/04\/Hortas_Compostagem_3-e1739922044520-1024x387.jpg 1024w, https:\/\/joyasdaterra.org\/wp-content\/uploads\/2025\/04\/Hortas_Compostagem_3-e1739922044520-300x113.jpg 300w, https:\/\/joyasdaterra.org\/wp-content\/uploads\/2025\/04\/Hortas_Compostagem_3-e1739922044520-768x290.jpg 768w, https:\/\/joyasdaterra.org\/wp-content\/uploads\/2025\/04\/Hortas_Compostagem_3-e1739922044520-1536x581.jpg 1536w, https:\/\/joyasdaterra.org\/wp-content\/uploads\/2025\/04\/Hortas_Compostagem_3-e1739922044520-1200x454.jpg 1200w, https:\/\/joyasdaterra.org\/wp-content\/uploads\/2025\/04\/Hortas_Compostagem_3-e1739922044520.jpg 1920w\" sizes=\"(max-width: 580px) 100vw, 580px\" \/>\t\t\t\t\t\t\t\t\t\t\t\t\t\t\t<\/div>\n\t\t\t\t<\/div>\n\t\t\t\t<div class=\"elementor-element elementor-element-fdfc9da elementor-widget elementor-widget-heading\" data-id=\"fdfc9da\" data-element_type=\"widget\" data-widget_type=\"heading.default\">\n\t\t\t\t<div class=\"elementor-widget-container\">\n\t\t\t\t\t<h2 class=\"elementor-heading-title elementor-size-default\">Hortas e\ncompostagem<\/h2>\t\t\t\t<\/div>\n\t\t\t\t<\/div>\n\t\t\t\t<div class=\"elementor-element elementor-element-1346bae elementor-widget elementor-widget-text-editor\" data-id=\"1346bae\" data-element_type=\"widget\" data-widget_type=\"text-editor.default\">\n\t\t\t\t<div class=\"elementor-widget-container\">\n\t\t\t\t\t\t\t\t\t<p>Procuramos encontrar e melhor solu\u00e7\u00e3o que se adapta a cada situa\u00e7\u00e3o para trazer efici\u00eancia a estes sistemas interdependentes<\/p>\t\t\t\t\t\t\t\t<\/div>\n\t\t\t\t<\/div>\n\t\t\t\t<div class=\"elementor-element elementor-element-9be2d84 elementor-align-center elementor-widget elementor-widget-button\" data-id=\"9be2d84\" data-element_type=\"widget\" data-widget_type=\"button.default\">\n\t\t\t\t<div class=\"elementor-widget-container\">\n\t\t\t\t\t\t\t\t\t<div class=\"elementor-button-wrapper\">\n\t\t\t\t\t<a class=\"elementor-button elementor-button-link elementor-size-sm\" href=\"#\">\n\t\t\t\t\t\t<span class=\"elementor-button-content-wrapper\">\n\t\t\t\t\t\t\t\t\t<span class=\"elementor-button-text\">Sabe mais<\/span>\n\t\t\t\t\t<\/span>\n\t\t\t\t\t<\/a>\n\t\t\t\t<\/div>\n\t\t\t\t\t\t\t\t<\/div>\n\t\t\t\t<\/div>\n\t\t\t\t<\/div>\n\t\t<div class=\"elementor-element elementor-element-cdf0c79 e-con-full e-flex e-con e-child\" data-id=\"cdf0c79\" data-element_type=\"container\">\n\t\t\t\t<div class=\"elementor-element elementor-element-58b8624 elementor-widget elementor-widget-image\" data-id=\"58b8624\" data-element_type=\"widget\" data-widget_type=\"image.default\">\n\t\t\t\t<div class=\"elementor-widget-container\">\n\t\t\t\t\t\t\t\t\t\t\t\t\t\t\t<img decoding=\"async\" width=\"580\" height=\"268\" src=\"https:\/\/joyasdaterra.org\/wp-content\/uploads\/2025\/04\/20230427_170846-1-1024x474.jpg\" class=\"attachment-large size-large wp-image-319\" alt=\"\" srcset=\"https:\/\/joyasdaterra.org\/wp-content\/uploads\/2025\/04\/20230427_170846-1-1024x474.jpg 1024w, https:\/\/joyasdaterra.org\/wp-content\/uploads\/2025\/04\/20230427_170846-1-300x139.jpg 300w, https:\/\/joyasdaterra.org\/wp-content\/uploads\/2025\/04\/20230427_170846-1-768x355.jpg 768w, https:\/\/joyasdaterra.org\/wp-content\/uploads\/2025\/04\/20230427_170846-1-1536x710.jpg 1536w, https:\/\/joyasdaterra.org\/wp-content\/uploads\/2025\/04\/20230427_170846-1-2048x947.jpg 2048w, https:\/\/joyasdaterra.org\/wp-content\/uploads\/2025\/04\/20230427_170846-1-1200x555.jpg 1200w, https:\/\/joyasdaterra.org\/wp-content\/uploads\/2025\/04\/20230427_170846-1-1980x916.jpg 1980w\" sizes=\"(max-width: 580px) 100vw, 580px\" \/>\t\t\t\t\t\t\t\t\t\t\t\t\t\t\t<\/div>\n\t\t\t\t<\/div>\n\t\t\t\t<div class=\"elementor-element elementor-element-60d4f9a elementor-widget elementor-widget-heading\" data-id=\"60d4f9a\" data-element_type=\"widget\" data-widget_type=\"heading.default\">\n\t\t\t\t<div class=\"elementor-widget-container\">\n\t\t\t\t\t<h2 class=\"elementor-heading-title elementor-size-default\">Sistemas \n\nde \u00e1gua\u200b<\/h2>\t\t\t\t<\/div>\n\t\t\t\t<\/div>\n\t\t\t\t<div class=\"elementor-element elementor-element-25532bd elementor-widget elementor-widget-text-editor\" data-id=\"25532bd\" data-element_type=\"widget\" data-widget_type=\"text-editor.default\">\n\t\t\t\t<div class=\"elementor-widget-container\">\n\t\t\t\t\t\t\t\t\t<p>Um bom design procura ir ao encontro do padr\u00e3o atrav\u00e9s da fluidez da \u00e1gua na paisagem para gerar abund\u00e2ncia<\/p>\t\t\t\t\t\t\t\t<\/div>\n\t\t\t\t<\/div>\n\t\t\t\t<div class=\"elementor-element elementor-element-57d9661 elementor-align-center elementor-widget elementor-widget-button\" data-id=\"57d9661\" data-element_type=\"widget\" data-widget_type=\"button.default\">\n\t\t\t\t<div class=\"elementor-widget-container\">\n\t\t\t\t\t\t\t\t\t<div class=\"elementor-button-wrapper\">\n\t\t\t\t\t<a class=\"elementor-button elementor-button-link elementor-size-sm\" href=\"#\">\n\t\t\t\t\t\t<span class=\"elementor-button-content-wrapper\">\n\t\t\t\t\t\t\t\t\t<span class=\"elementor-button-text\">Sabe mais<\/span>\n\t\t\t\t\t<\/span>\n\t\t\t\t\t<\/a>\n\t\t\t\t<\/div>\n\t\t\t\t\t\t\t\t<\/div>\n\t\t\t\t<\/div>\n\t\t\t\t<\/div>\n\t\t<div class=\"elementor-element elementor-element-0938948 e-con-full e-flex e-con e-child\" data-id=\"0938948\" data-element_type=\"container\">\n\t\t\t\t<div class=\"elementor-element elementor-element-b223873 elementor-widget elementor-widget-image\" data-id=\"b223873\" data-element_type=\"widget\" data-widget_type=\"image.default\">\n\t\t\t\t<div class=\"elementor-widget-container\">\n\t\t\t\t\t\t\t\t\t\t\t\t\t\t\t<img loading=\"lazy\" decoding=\"async\" width=\"580\" height=\"435\" src=\"https:\/\/joyasdaterra.org\/wp-content\/uploads\/2025\/04\/IMG-20220113-WA0023.jpg\" class=\"attachment-large size-large wp-image-320\" alt=\"\" srcset=\"https:\/\/joyasdaterra.org\/wp-content\/uploads\/2025\/04\/IMG-20220113-WA0023.jpg 1024w, https:\/\/joyasdaterra.org\/wp-content\/uploads\/2025\/04\/IMG-20220113-WA0023-300x225.jpg 300w, https:\/\/joyasdaterra.org\/wp-content\/uploads\/2025\/04\/IMG-20220113-WA0023-768x576.jpg 768w\" sizes=\"(max-width: 580px) 100vw, 580px\" \/>\t\t\t\t\t\t\t\t\t\t\t\t\t\t\t<\/div>\n\t\t\t\t<\/div>\n\t\t\t\t<div class=\"elementor-element elementor-element-a9cefbf elementor-widget elementor-widget-heading\" data-id=\"a9cefbf\" data-element_type=\"widget\" data-widget_type=\"heading.default\">\n\t\t\t\t<div class=\"elementor-widget-container\">\n\t\t\t\t\t<h2 class=\"elementor-heading-title elementor-size-default\">Pomares e Agroflorestas\u200b<\/h2>\t\t\t\t<\/div>\n\t\t\t\t<\/div>\n\t\t\t\t<div class=\"elementor-element elementor-element-e91375e elementor-widget elementor-widget-text-editor\" data-id=\"e91375e\" data-element_type=\"widget\" data-widget_type=\"text-editor.default\">\n\t\t\t\t<div class=\"elementor-widget-container\">\n\t\t\t\t\t\t\t\t\t<p>Plantar \u00e1rvores \u00e9 a melhor forma de melhorar a produtividade da terra e a nossa rela\u00e7\u00e3o com o ambiente e a economia<\/p>\t\t\t\t\t\t\t\t<\/div>\n\t\t\t\t<\/div>\n\t\t\t\t<div class=\"elementor-element elementor-element-d139064 elementor-align-center elementor-widget elementor-widget-button\" data-id=\"d139064\" data-element_type=\"widget\" data-widget_type=\"button.default\">\n\t\t\t\t<div class=\"elementor-widget-container\">\n\t\t\t\t\t\t\t\t\t<div class=\"elementor-button-wrapper\">\n\t\t\t\t\t<a class=\"elementor-button elementor-button-link elementor-size-sm\" href=\"#\">\n\t\t\t\t\t\t<span class=\"elementor-button-content-wrapper\">\n\t\t\t\t\t\t\t\t\t<span class=\"elementor-button-text\">Sabe mais<\/span>\n\t\t\t\t\t<\/span>\n\t\t\t\t\t<\/a>\n\t\t\t\t<\/div>\n\t\t\t\t\t\t\t\t<\/div>\n\t\t\t\t<\/div>\n\t\t\t\t<\/div>\n\t\t\t\t\t<\/div>\n\t\t\t\t<\/div>\n\t\t\t\t<\/div>\n\t\t","protected":false},"excerpt":{"rendered":"<p>JOYAS DA TERRA Consultoria Para al\u00e9m de trabalharmos na nossa terra, apoiamos outros projetos que queiram usar a harmonia e efici\u00eancia que um design de Permacultura traz para o terreno. Design Geral A cuidadosa observa\u00e7\u00e3o dos padr\u00f5es da natureza, efici\u00eancia energ\u00e9tica e interliga\u00e7\u00e3o dos elementos s\u00e3o as nossas premissas para a gest\u00e3o da Terra Sabe [&hellip;]<\/p>\n","protected":false},"author":1,"featured_media":0,"parent":0,"menu_order":0,"comment_status":"closed","ping_status":"closed","template":"elementor_header_footer","meta":{"footnotes":""},"class_list":["post-48","page","type-page","status-publish","hentry"],"_links":{"self":[{"href":"https:\/\/joyasdaterra.org\/index.php\/wp-json\/wp\/v2\/pages\/48","targetHints":{"allow":["GET"]}}],"collection":[{"href":"https:\/\/joyasdaterra.org\/index.php\/wp-json\/wp\/v2\/pages"}],"about":[{"href":"https:\/\/joyasdaterra.org\/index.php\/wp-json\/wp\/v2\/types\/page"}],"author":[{"embeddable":true,"href":"https:\/\/joyasdaterra.org\/index.php\/wp-json\/wp\/v2\/users\/1"}],"replies":[{"embeddable":true,"href":"https:\/\/joyasdaterra.org\/index.php\/wp-json\/wp\/v2\/comments?post=48"}],"version-history":[{"count":25,"href":"https:\/\/joyasdaterra.org\/index.php\/wp-json\/wp\/v2\/pages\/48\/revisions"}],"predecessor-version":[{"id":556,"href":"https:\/\/joyasdaterra.org\/index.php\/wp-json\/wp\/v2\/pages\/48\/revisions\/556"}],"wp:attachment":[{"href":"https:\/\/joyasdaterra.org\/index.php\/wp-json\/wp\/v2\/media?parent=48"}],"curies":[{"name":"wp","href":"https:\/\/api.w.org\/{rel}","templated":true}]}}